{"id":7,"date":"2026-03-31T12:37:13","date_gmt":"2026-03-31T12:37:13","guid":{"rendered":"https:\/\/odrey-energyaessentials.com\/?page_id=7"},"modified":"2026-03-31T12:56:55","modified_gmt":"2026-03-31T12:56:55","slug":"elementor-7","status":"publish","type":"page","link":"https:\/\/odrey-energyaessentials.com\/","title":{"rendered":"home"},"content":{"rendered":"\t\t<div data-elementor-type=\"wp-post\" data-elementor-id=\"7\" class=\"elementor elementor-7\" data-elementor-post-type=\"page\">\n\t\t\t\t\t\t<section class=\"elementor-section elementor-top-section elementor-element elementor-element-6118485f elementor-section-content-middle elementor-section-stretched elementor-section-boxed elementor-section-height-default elementor-section-height-default\" data-id=\"6118485f\" data-element_type=\"section\" data-settings=\"{&quot;background_background&quot;:&quot;classic&quot;,&quot;stretch_section&quot;:&quot;section-stretched&quot;}\">\n\t\t\t\t\t\t\t<div class=\"elementor-background-overlay\"><\/div>\n\t\t\t\t\t\t\t<div class=\"elementor-container elementor-column-gap-default\">\n\t\t\t\t\t<div class=\"elementor-column elementor-col-100 elementor-top-column elementor-element elementor-element-13549509\" data-id=\"13549509\" data-element_type=\"column\">\n\t\t\t<div class=\"elementor-widget-wrap elementor-element-populated\">\n\t\t\t\t\t\t<div class=\"elementor-element elementor-element-72e4e4ab elementor-widget elementor-widget-heading\" data-id=\"72e4e4ab\" data-element_type=\"widget\" data-widget_type=\"heading.default\">\n\t\t\t\t<div class=\"elementor-widget-container\">\n\t\t\t\t\t<h1 class=\"elementor-heading-title elementor-size-default\">Bien-venus dans mon Uni-Vers<\/h1>\t\t\t\t<\/div>\n\t\t\t\t<\/div>\n\t\t\t\t<div class=\"elementor-element elementor-element-3b0a9a14 elementor-widget elementor-widget-heading\" data-id=\"3b0a9a14\" data-element_type=\"widget\" data-widget_type=\"heading.default\">\n\t\t\t\t<div class=\"elementor-widget-container\">\n\t\t\t\t\t<h2 class=\"elementor-heading-title elementor-size-default\">Re-Connais qui Tu es<\/h2>\t\t\t\t<\/div>\n\t\t\t\t<\/div>\n\t\t\t\t<div class=\"elementor-element elementor-element-45bf510 elementor-align-center elementor-widget elementor-widget-button\" data-id=\"45bf510\" data-element_type=\"widget\" data-widget_type=\"button.default\">\n\t\t\t\t<div class=\"elementor-widget-container\">\n\t\t\t\t\t\t\t\t\t<div class=\"elementor-button-wrapper\">\n\t\t\t\t\t<a class=\"elementor-button elementor-button-link elementor-size-sm\" href=\"#contact\">\n\t\t\t\t\t\t<span class=\"elementor-button-content-wrapper\">\n\t\t\t\t\t\t\t\t\t<span class=\"elementor-button-text\">Contactez-moi<\/span>\n\t\t\t\t\t<\/span>\n\t\t\t\t\t<\/a>\n\t\t\t\t<\/div>\n\t\t\t\t\t\t\t\t<\/div>\n\t\t\t\t<\/div>\n\t\t\t\t\t<\/div>\n\t\t<\/div>\n\t\t\t\t\t<\/div>\n\t\t<\/section>\n\t\t\t\t<section class=\"elementor-section elementor-top-section elementor-element elementor-element-738dc921 elementor-section-boxed elementor-section-height-default elementor-section-height-default\" data-id=\"738dc921\" data-element_type=\"section\" data-settings=\"{&quot;background_background&quot;:&quot;classic&quot;}\">\n\t\t\t\t\t\t<div class=\"elementor-container elementor-column-gap-default\">\n\t\t\t\t\t<div class=\"elementor-column elementor-col-100 elementor-top-column elementor-element elementor-element-ed0a7d4\" data-id=\"ed0a7d4\" data-element_type=\"column\">\n\t\t\t<div class=\"elementor-widget-wrap elementor-element-populated\">\n\t\t\t\t\t\t<div class=\"elementor-element elementor-element-24f69239 elementor-widget elementor-widget-heading\" data-id=\"24f69239\" data-element_type=\"widget\" data-widget_type=\"heading.default\">\n\t\t\t\t<div class=\"elementor-widget-container\">\n\t\t\t\t\t<h2 class=\"elementor-heading-title elementor-size-default\">By Audrey<\/h2>\t\t\t\t<\/div>\n\t\t\t\t<\/div>\n\t\t\t\t<div class=\"elementor-element elementor-element-2bec3e0e elementor-widget-divider--view-line elementor-widget elementor-widget-divider\" data-id=\"2bec3e0e\" data-element_type=\"widget\" data-widget_type=\"divider.default\">\n\t\t\t\t<div class=\"elementor-widget-container\">\n\t\t\t\t\t\t\t<div class=\"elementor-divider\">\n\t\t\t<span class=\"elementor-divider-separator\">\n\t\t\t\t\t\t<\/span>\n\t\t<\/div>\n\t\t\t\t\t\t<\/div>\n\t\t\t\t<\/div>\n\t\t\t\t<div class=\"elementor-element elementor-element-5e839f84 elementor-widget elementor-widget-text-editor\" data-id=\"5e839f84\" data-element_type=\"widget\" data-widget_type=\"text-editor.default\">\n\t\t\t\t<div class=\"elementor-widget-container\">\n\t\t\t\t\t\t\t\t\t<p style=\"text-align:center;\"><em>\u00ab Reconnais qui tu es \u00bb<\/em> est un projet n\u00e9 d&rsquo;une vie enti\u00e8re de travail sur moi\u2026<\/p><p style=\"text-align:center;\">Depuis mon plus jeune \u00e2ge, mes blessures m&rsquo;ont emmen\u00e9es dans un monde \u00e9motionnel intense et profond. Je savais au fond de moi qu&rsquo;un jour, cela me serait utile et que je pourrais partager et soutenir.<\/p><p style=\"text-align:center;\">Afin d&rsquo;apporter une aide de qualit\u00e9, de mani\u00e8re constructive et non toxique, il f\u00fbt n\u00e9cessaire que je prenne le temps de comprendre mes blessures, de les cicatriser\u2026 De me former \u00e0 des m\u00e9thodes qui ont \u00e9t\u00e9 efficaces pour moi et que je souhaitais partager.<\/p><p style=\"text-align:center;\"><strong>Au plaisir de vous renseigner et de vous accompagner dans la douceur et la bienveillance. \u2014 Audrey<\/strong><\/p>\t\t\t\t\t\t\t\t<\/div>\n\t\t\t\t<\/div>\n\t\t\t\t\t<\/div>\n\t\t<\/div>\n\t\t\t\t\t<\/div>\n\t\t<\/section>\n\t\t\t\t<section class=\"elementor-section elementor-top-section elementor-element elementor-element-44276c80 elementor-section-boxed elementor-section-height-default elementor-section-height-default\" data-id=\"44276c80\" data-element_type=\"section\" data-settings=\"{&quot;background_background&quot;:&quot;classic&quot;}\">\n\t\t\t\t\t\t<div class=\"elementor-container elementor-column-gap-default\">\n\t\t\t\t\t<div class=\"elementor-column elementor-col-100 elementor-top-column elementor-element elementor-element-48054a9b\" data-id=\"48054a9b\" data-element_type=\"column\">\n\t\t\t<div class=\"elementor-widget-wrap elementor-element-populated\">\n\t\t\t\t\t\t<div class=\"elementor-element elementor-element-6a83887b elementor-widget elementor-widget-heading\" data-id=\"6a83887b\" data-element_type=\"widget\" data-widget_type=\"heading.default\">\n\t\t\t\t<div class=\"elementor-widget-container\">\n\t\t\t\t\t<h2 class=\"elementor-heading-title elementor-size-default\">Faites Re-Jaillir votre Lumi\u00e8re int\u00e9rieure<\/h2>\t\t\t\t<\/div>\n\t\t\t\t<\/div>\n\t\t\t\t\t<\/div>\n\t\t<\/div>\n\t\t\t\t\t<\/div>\n\t\t<\/section>\n\t\t\t\t<section class=\"elementor-section elementor-top-section elementor-element elementor-element-71c16a4c elementor-section-boxed elementor-section-height-default elementor-section-height-default\" data-id=\"71c16a4c\" data-element_type=\"section\" data-settings=\"{&quot;background_background&quot;:&quot;classic&quot;}\">\n\t\t\t\t\t\t<div class=\"elementor-container elementor-column-gap-default\">\n\t\t\t\t\t<div class=\"elementor-column elementor-col-100 elementor-top-column elementor-element elementor-element-5d1548f1\" data-id=\"5d1548f1\" data-element_type=\"column\">\n\t\t\t<div class=\"elementor-widget-wrap elementor-element-populated\">\n\t\t\t\t\t\t<div class=\"elementor-element elementor-element-648fc5de elementor-widget elementor-widget-heading\" data-id=\"648fc5de\" data-element_type=\"widget\" data-widget_type=\"heading.default\">\n\t\t\t\t<div class=\"elementor-widget-container\">\n\t\t\t\t\t<h2 class=\"elementor-heading-title elementor-size-default\">Infos pratiques<\/h2>\t\t\t\t<\/div>\n\t\t\t\t<\/div>\n\t\t\t\t<div class=\"elementor-element elementor-element-79fe1078 elementor-widget-divider--view-line elementor-widget elementor-widget-divider\" data-id=\"79fe1078\" data-element_type=\"widget\" data-widget_type=\"divider.default\">\n\t\t\t\t<div class=\"elementor-widget-container\">\n\t\t\t\t\t\t\t<div class=\"elementor-divider\">\n\t\t\t<span class=\"elementor-divider-separator\">\n\t\t\t\t\t\t<\/span>\n\t\t<\/div>\n\t\t\t\t\t\t<\/div>\n\t\t\t\t<\/div>\n\t\t\t\t\t<\/div>\n\t\t<\/div>\n\t\t\t\t<div class=\"elementor-column elementor-col-50 elementor-top-column elementor-element elementor-element-55190f58\" data-id=\"55190f58\" data-element_type=\"column\">\n\t\t\t<div class=\"elementor-widget-wrap elementor-element-populated\">\n\t\t\t\t\t\t<div class=\"elementor-element elementor-element-9e8728 elementor-widget elementor-widget-text-editor\" data-id=\"9e8728\" data-element_type=\"widget\" data-widget_type=\"text-editor.default\">\n\t\t\t\t<div class=\"elementor-widget-container\">\n\t\t\t\t\t\t\t\t\t<ul style=\"list-style:none;padding:0;margin:0;\"><li style=\"margin-bottom:12px;\">\ud83c\udf3f Certains soins et accompagnements peuvent \u00eatre effectu\u00e9s <strong>\u00e0 distance en visio<\/strong>.<\/li><li style=\"margin-bottom:12px;\">\ud83c\udfe0 Je vous re\u00e7ois sur <strong>Saint-Beno\u00eet (86)<\/strong>, sur RDV uniquement.<\/li><li style=\"margin-bottom:12px;\">\ud83c\udf00 Les Ateliers et Cercles de parole sont r\u00e9alis\u00e9s au <strong>Tiers-Lieu la K7<\/strong>, sur r\u00e9servation.<\/li><li style=\"margin-bottom:12px;\">\ud83d\ude97 Je peux intervenir <strong>\u00e0 domicile<\/strong> selon la demande, la distance, et sous conditions.<\/li><li>\ud83d\udc9b <strong>Tarifs solidaires<\/strong> possibles sur justificatifs.<\/li><\/ul>\t\t\t\t\t\t\t\t<\/div>\n\t\t\t\t<\/div>\n\t\t\t\t\t<\/div>\n\t\t<\/div>\n\t\t\t\t<div class=\"elementor-column elementor-col-50 elementor-top-column elementor-element elementor-element-1b17fded\" data-id=\"1b17fded\" data-element_type=\"column\">\n\t\t\t<div class=\"elementor-widget-wrap elementor-element-populated\">\n\t\t\t\t\t\t<div class=\"elementor-element elementor-element-231de2bd elementor-widget elementor-widget-text-editor\" data-id=\"231de2bd\" data-element_type=\"widget\" data-widget_type=\"text-editor.default\">\n\t\t\t\t<div class=\"elementor-widget-container\">\n\t\t\t\t\t\t\t\t\t<p>\ud83d\udccd <strong>19 Rue Alphonse Daudet<br>86000 Poitiers, France<\/strong><\/p><p>\ud83d\udcde <a href=\"tel:0767420775\" style=\"color:#624C3C;text-decoration:none;\"><strong>07.67.42.07.75<\/strong><\/a><\/p><p>\u2709\ufe0f <a href=\"mailto:odrey.reconnaisqutes@gmail.com\" style=\"color:#624C3C;text-decoration:none;\">odrey.reconnaisqutes@gmail.com<\/a><\/p>\t\t\t\t\t\t\t\t<\/div>\n\t\t\t\t<\/div>\n\t\t\t\t\t<\/div>\n\t\t<\/div>\n\t\t\t\t\t<\/div>\n\t\t<\/section>\n\t\t\t\t<section class=\"elementor-section elementor-top-section elementor-element elementor-element-541f3a94 elementor-section-boxed elementor-section-height-default elementor-section-height-default\" data-id=\"541f3a94\" data-element_type=\"section\" data-settings=\"{&quot;background_background&quot;:&quot;classic&quot;}\">\n\t\t\t\t\t\t<div class=\"elementor-container elementor-column-gap-default\">\n\t\t\t\t\t<div class=\"elementor-column elementor-col-100 elementor-top-column elementor-element elementor-element-211f1e20\" data-id=\"211f1e20\" data-element_type=\"column\">\n\t\t\t<div class=\"elementor-widget-wrap elementor-element-populated\">\n\t\t\t\t\t\t<div class=\"elementor-element elementor-element-339f38d5 elementor-widget elementor-widget-heading\" data-id=\"339f38d5\" data-element_type=\"widget\" data-widget_type=\"heading.default\">\n\t\t\t\t<div class=\"elementor-widget-container\">\n\t\t\t\t\t<h2 class=\"elementor-heading-title elementor-size-default\">Pr\u00eate \u00e0 vous accompagner \ud83c\udf3f<\/h2>\t\t\t\t<\/div>\n\t\t\t\t<\/div>\n\t\t\t\t<div class=\"elementor-element elementor-element-6a674d8b elementor-widget elementor-widget-text-editor\" data-id=\"6a674d8b\" data-element_type=\"widget\" data-widget_type=\"text-editor.default\">\n\t\t\t\t<div class=\"elementor-widget-container\">\n\t\t\t\t\t\t\t\t\t<p style=\"text-align:center;\">R\u00e9servez votre s\u00e9ance ou posez vos questions, je vous r\u00e9pondrai avec plaisir.<\/p>\t\t\t\t\t\t\t\t<\/div>\n\t\t\t\t<\/div>\n\t\t\t\t<div class=\"elementor-element elementor-element-67394dbb elementor-align-center elementor-widget elementor-widget-button\" data-id=\"67394dbb\" data-element_type=\"widget\" data-widget_type=\"button.default\">\n\t\t\t\t<div class=\"elementor-widget-container\">\n\t\t\t\t\t\t\t\t\t<div class=\"elementor-button-wrapper\">\n\t\t\t\t\t<a class=\"elementor-button elementor-button-link elementor-size-sm\" href=\"mailto:odrey.reconnaisqutes@gmail.com\">\n\t\t\t\t\t\t<span class=\"elementor-button-content-wrapper\">\n\t\t\t\t\t\t\t\t\t<span class=\"elementor-button-text\">Prendre rendez-vous<\/span>\n\t\t\t\t\t<\/span>\n\t\t\t\t\t<\/a>\n\t\t\t\t<\/div>\n\t\t\t\t\t\t\t\t<\/div>\n\t\t\t\t<\/div>\n\t\t\t\t\t<\/div>\n\t\t<\/div>\n\t\t\t\t\t<\/div>\n\t\t<\/section>\n\t\t\t\t<\/div>\n\t\t","protected":false},"excerpt":{"rendered":"<p>Bien-venus dans mon Uni-Vers Re-Connais qui Tu es Contactez-moi By Audrey \u00ab Reconnais qui tu es \u00bb est un projet n\u00e9 d&rsquo;une vie enti\u00e8re de travail sur moi\u2026 Depuis mon plus jeune \u00e2ge, mes blessures m&rsquo;ont emmen\u00e9es dans un monde \u00e9motionnel intense et profond. Je savais au fond de moi qu&rsquo;un jour, cela me serait [&hellip;]<\/p>\n","protected":false},"author":1,"featured_media":0,"parent":0,"menu_order":0,"comment_status":"closed","ping_status":"closed","template":"elementor_header_footer","meta":{"footnotes":""},"class_list":["post-7","page","type-page","status-publish","hentry"],"_links":{"self":[{"href":"https:\/\/odrey-energyaessentials.com\/index.php?rest_route=\/wp\/v2\/pages\/7","targetHints":{"allow":["GET"]}}],"collection":[{"href":"https:\/\/odrey-energyaessentials.com\/index.php?rest_route=\/wp\/v2\/pages"}],"about":[{"href":"https:\/\/odrey-energyaessentials.com\/index.php?rest_route=\/wp\/v2\/types\/page"}],"author":[{"embeddable":true,"href":"https:\/\/odrey-energyaessentials.com\/index.php?rest_route=\/wp\/v2\/users\/1"}],"replies":[{"embeddable":true,"href":"https:\/\/odrey-energyaessentials.com\/index.php?rest_route=%2Fwp%2Fv2%2Fcomments&post=7"}],"version-history":[{"count":11,"href":"https:\/\/odrey-energyaessentials.com\/index.php?rest_route=\/wp\/v2\/pages\/7\/revisions"}],"predecessor-version":[{"id":31,"href":"https:\/\/odrey-energyaessentials.com\/index.php?rest_route=\/wp\/v2\/pages\/7\/revisions\/31"}],"wp:attachment":[{"href":"https:\/\/odrey-energyaessentials.com\/index.php?rest_route=%2Fwp%2Fv2%2Fmedia&parent=7"}],"curies":[{"name":"wp","href":"https:\/\/api.w.org\/{rel}","templated":true}]}}